{"id":282,"date":"2025-11-23T07:11:16","date_gmt":"2025-11-23T07:11:16","guid":{"rendered":"https:\/\/114gravelrace.com\/?page_id=282"},"modified":"2025-12-06T19:31:08","modified_gmt":"2025-12-06T19:31:08","slug":"loja","status":"publish","type":"page","link":"https:\/\/114gravelrace.com\/pt\/tienda\/","title":{"rendered":"Loja"},"content":{"rendered":"<section style=\"max-width: 1100px;margin: 0 auto;padding: 4rem 1.5rem 5rem;font-family: 'Montserrat', system-ui, -apple-system, BlinkMacSystemFont, 'Segoe UI', sans-serif;color: #222\"><!-- T\u00edtulo tienda --><p><\/p>\n<header style=\"text-align: center;margin-bottom: 3rem\">\n<h1 style=\"font-size: 2rem;letter-spacing: 0.16em;text-transform: uppercase;margin: 0 0 0.75rem\">Loja oficial<\/h1>\n<p style=\"max-width: 560px;margin: 0 auto;font-size: 0.95rem;line-height: 1.7;color: #555\">Mercadoria oficial da 114 Gravel Race - UCI Gravel World Series.<br>Escolha o seu produto e clique em <strong>\u201cAdicionar ao carrinho\u201d<\/strong><br>para aceder \u00e0 sua plataforma de vendas.<\/p>\n<\/header>\n<p><!-- GRID DE PRODUCTOS --><\/p>\n<div style=\"display: flex;flex-wrap: wrap;gap: 2.5rem;justify-content: center\">\n<p><!-- PRODUCTO 1 --><\/p>\n<article style=\"flex: 1 1 260px;max-width: 320px;background: #ffffff;border-radius: 24px;padding: 1.75rem 1.75rem 1.9rem;box-shadow: 0 24px 60px rgba(0, 0, 0, 0.16);display: flex;flex-direction: column\"><!-- Foto producto --><p><\/p>\n<figure style=\"margin: 0 0 1.4rem\"><!-- Sustituye URL_DE_LA_IMAGEN_1 por la URL real de la foto del producto --><br><img data-recalc-dims=\"1\" decoding=\"async\" style=\"display: block;width: 100%;border-radius: 18px;object-fit: cover\" src=\"https:\/\/i0.wp.com\/114gravelrace.com\/wp-content\/uploads\/2025\/12\/equip.jpg?ssl=1\" alt=\"Nome do produto 1\"><\/figure>\n<p><!-- Info producto --><\/p>\n<div style=\"flex: 1 1 auto\">\n<h2 style=\"font-size: 1rem;text-transform: uppercase;letter-spacing: 0.14em;margin: 0 0 0.45rem\">camisola Extremamente<\/h2>\n<p style=\"font-size: 0.9rem;line-height: 1.7;color: #555;margin: 0 0 0.85rem\">Camisola de ciclismo preta de corte justo e aspeto minimalista, com fecho de correr completo e design frontal de tr\u00eas barras verticais brancas e tr\u00eas riscas horizontais verdes no peito, criando uma est\u00e9tica moderna e muito racing.<\/p>\n<p style=\"font-size: 0.95rem;font-weight: 600;margin: 0 0 1.4rem\">40,00 \u20ac<\/p>\n<\/div>\n<p><!-- Bot\u00f3n carrito --><br><!-- Sustituye URL_CARRITO_1 por el enlace al producto \/ carrito --><br><a style=\"display: inline-flex;align-items: center;justify-content: center;padding: 0.95rem 1.9rem;border-radius: 999px;background: #000;color: #fff;text-decoration: none;text-transform: uppercase;letter-spacing: 0.16em;font-size: 0.72rem;font-weight: 600;box-shadow: 0 20px 45px rgba(0, 0, 0, 0.35)\" href=\"https:\/\/extremenamente.com\/producto\/maillot-extremenamente\/\" target=\"_blank\" rel=\"noopener\"><br>Adicionar ao carrinho<br><\/a><\/p>\n<\/article>\n<p><!-- Camiseta 114 Gravel Race \u2013 Edici\u00f3n Especial 2025 (UCI Gravel World Series) --><\/p>\n<article style=\"flex: 1 1 260px;max-width: 320px;background: #ffffff;border-radius: 24px;padding: 1.75rem 1.75rem 1.9rem;box-shadow: 0 24px 60px rgba(0, 0, 0, 0.16);display: flex;flex-direction: column\">\n<figure style=\"margin: 0 0 1.4rem\"><img data-recalc-dims=\"1\" decoding=\"async\" style=\"display: block;width: 100%;border-radius: 18px;object-fit: cover\" src=\"https:\/\/i0.wp.com\/extremenamente.com\/wp-content\/uploads\/2025\/12\/IMG-20250320-WA0100-e1765046545840.jpg?ssl=1\" alt=\"T-shirt 114 Gravel Race - Edi\u00e7\u00e3o Especial 2025 (UCI Gravel World Series)\"><\/figure>\n<div style=\"flex: 1 1 auto\">\n<h2 style=\"font-size: 1rem;text-transform: uppercase;letter-spacing: 0.14em;margin: 0 0 0.45rem\">T-shirt 114 Gravel Race - Edi\u00e7\u00e3o Especial 2025 (UCI Gravel World Series)<\/h2>\n<p style=\"font-size: 0.9rem;line-height: 1.7;color: #555;margin: 0 0 0.85rem\">T-shirt oficial 114 Gravel Race - Edi\u00e7\u00e3o especial 2025. Design exclusivo em preto com o grafismo frontal \u201c114 GRAVEL RACE\u201d e pormenor nas costas com riscas coloridas inspiradas na UCI Gravel World Series. Perfeita para mostrar a tua paix\u00e3o pela gravilha antes, durante e depois da corrida.<\/p>\n<p style=\"font-size: 0.95rem;font-weight: 600;margin: 0 0 1.4rem\">20,00 \u20ac<\/p>\n<\/div>\n<p><a style=\"display: inline-flex;align-items: center;justify-content: center;padding: 0.95rem 1.9rem;border-radius: 999px;background: #000;color: #fff;text-decoration: none;text-transform: uppercase;letter-spacing: 0.16em;font-size: 0.72rem;font-weight: 600;box-shadow: 0 20px 45px rgba(0, 0, 0, 0.35)\" href=\"https:\/\/extremenamente.com\/producto\/camiseta-114-gravel-race-edicion-especial-2025-uci-gravel-world-series\/\" target=\"_blank\" rel=\"noopener\"><br>Adicionar ao carrinho<br><\/a><\/p>\n<\/article>\n<p><!-- sudadera ugws 2026 edici\u00f3n limitada (ejemplo extra, puedes duplicar\/ borrar) --><\/p>\n<article style=\"flex: 1 1 260px;max-width: 320px;background: #ffffff;border-radius: 24px;padding: 1.75rem 1.75rem 1.9rem;box-shadow: 0 24px 60px rgba(0, 0, 0, 0.16);display: flex;flex-direction: column\">\n<figure style=\"margin: 0 0 1.4rem\"><img data-recalc-dims=\"1\" decoding=\"async\" style=\"display: block;width: 100%;border-radius: 18px;object-fit: cover\" src=\"https:\/\/i0.wp.com\/114gravelrace.com\/wp-content\/uploads\/2025\/12\/compl.jpg?ssl=1\" alt=\"Nome do produto 3\"><\/figure>\n<div style=\"flex: 1 1 auto\">\n<h2 style=\"font-size: 1rem;text-transform: uppercase;letter-spacing: 0.14em;margin: 0 0 0.45rem\">camisola de edi\u00e7\u00e3o limitada ugws 2026<\/h2>\n<p style=\"font-size: 0.9rem;line-height: 1.7;color: #555;margin: 0 0 0.85rem\">Breve descri\u00e7\u00e3o do produto 3. Ideal para recordar o evento...<\/p>\n<p style=\"font-size: 0.95rem;font-weight: 600;margin: 0 0 1.4rem\">30,00 \u20ac<\/p>\n<\/div>\n<p><a style=\"display: inline-flex;align-items: center;justify-content: center;padding: 0.95rem 1.9rem;border-radius: 999px;background: #000;color: #fff;text-decoration: none;text-transform: uppercase;letter-spacing: 0.16em;font-size: 0.72rem;font-weight: 600;box-shadow: 0 20px 45px rgba(0, 0, 0, 0.35)\" href=\"\/pt\/URL_CARRITO_3\/\" target=\"_blank\" rel=\"noopener\"><br>Adicionar ao carrinho<br><\/a><\/p>\n<\/article>\n<p><!-- Camiseta 114 Gravel Race \u2013 Edici\u00f3n 2025 --><\/p>\n<article style=\"flex: 1 1 260px;max-width: 320px;background: #ffffff;border-radius: 24px;padding: 1.75rem 1.75rem 1.9rem;box-shadow: 0 24px 60px rgba(0, 0, 0, 0.16);display: flex;flex-direction: column\">\n<figure style=\"margin: 0 0 1.4rem\"><img data-recalc-dims=\"1\" decoding=\"async\" style=\"display: block;width: 100%;border-radius: 18px;object-fit: cover\" src=\"https:\/\/i0.wp.com\/114gravelrace.com\/wp-content\/uploads\/2025\/12\/img-20250320-wa0046.jpg?ssl=1\" alt=\"Nome do produto 3\"><\/figure>\n<div style=\"flex: 1 1 auto\">\n<h2 style=\"font-size: 1rem;text-transform: uppercase;letter-spacing: 0.14em;margin: 0 0 0.45rem\">T-shirt 114 Gravel Race - Edi\u00e7\u00e3o 2025<\/h2>\n<p style=\"font-size: 0.9rem;line-height: 1.7;color: #555;margin: 0 0 0.85rem\">T-shirt oficial 114 Gravel Race - Edi\u00e7\u00e3o 2025, em cinzento, com o grafismo frontal \u201c114 GRAVEL RACE EXTREMADURA\u201d em efeito desgastado e uma grande pe\u00e7a vertical nas costas com a imagem de um ciclista em gravilha. Uma recorda\u00e7\u00e3o exclusiva da edi\u00e7\u00e3o 2025, concebida para mostrar a prova antes e depois da corrida.<\/p>\n<p style=\"font-size: 0.95rem;font-weight: 600;margin: 0 0 1.4rem\">15,00 \u20ac<\/p>\n<\/div>\n<p><a style=\"display: inline-flex;align-items: center;justify-content: center;padding: 0.95rem 1.9rem;border-radius: 999px;background: #000;color: #fff;text-decoration: none;text-transform: uppercase;letter-spacing: 0.16em;font-size: 0.72rem;font-weight: 600;box-shadow: 0 20px 45px rgba(0, 0, 0, 0.35)\" href=\"https:\/\/extremenamente.com\/producto\/camiseta-114-gravel-race-edicion-2025\/\" target=\"_blank\" rel=\"noopener\"><br>Adicionar ao carrinho<br><\/a><\/p>\n<\/article>\n<p><!-- Gorra 114 Gravel Race \u2013 UCI Gravel World Series --><\/p>\n<article style=\"flex: 1 1 260px;max-width: 320px;background: #ffffff;border-radius: 24px;padding: 1.75rem 1.75rem 1.9rem;box-shadow: 0 24px 60px rgba(0, 0, 0, 0.16);display: flex;flex-direction: column\">\n<figure style=\"margin: 0 0 1.4rem\"><img data-recalc-dims=\"1\" decoding=\"async\" style=\"display: block;width: 100%;border-radius: 18px;object-fit: cover\" src=\"https:\/\/i0.wp.com\/114gravelrace.com\/wp-content\/uploads\/2025\/12\/img-20250325-wa0113.jpg?ssl=1\" alt=\"Nome do produto 3\"><\/figure>\n<div style=\"flex: 1 1 auto\">\n<h2 style=\"font-size: 1rem;text-transform: uppercase;letter-spacing: 0.14em;margin: 0 0 0.45rem\">Corrida de Cascalho Cap 114 - UCI Gravel World Series<\/h2>\n<p style=\"font-size: 0.9rem;line-height: 1.7;color: #555;margin: 0 0 0.85rem\">Bon\u00e9 de camionista preto com pala curva e costas em rede, com emblema exclusivo 114 Gravel Race \u00e0 frente sobre fundo cinzento, n\u00famero grande \u201c114\u201d em tom escuro e faixa inferior com as cores da UCI Gravel World Series. Um acess\u00f3rio confort\u00e1vel e ventilado para mostrar a corrida no dia a dia e depois da corrida.<\/p>\n<p style=\"font-size: 0.95rem;font-weight: 600;margin: 0 0 1.4rem\">20,00 \u20ac<\/p>\n<\/div>\n<p><a style=\"display: inline-flex;align-items: center;justify-content: center;padding: 0.95rem 1.9rem;border-radius: 999px;background: #000;color: #fff;text-decoration: none;text-transform: uppercase;letter-spacing: 0.16em;font-size: 0.72rem;font-weight: 600;box-shadow: 0 20px 45px rgba(0, 0, 0, 0.35)\" href=\"\/pt\/URL_CARRITO_3\/\" target=\"_blank\" rel=\"noopener\"><br>Adicionar ao carrinho<br><\/a><\/p>\n<\/article>\n<\/div>\n<\/section>","protected":false},"excerpt":{"rendered":"<p>Tienda oficial Merchan oficial de la 114 Gravel Race \u2013 UCI Gravel World Series.Elige tu producto y haz clic en \u201cA\u00f1adir al carrito\u201dpara ir a tu plataforma de venta. maillot Extreme\u00f1amente Maillot de ciclismo negro de corte ajustado y look minimalista, con cremallera completa y dise\u00f1o frontal de tres barras blancas verticales y tres franjas [&hellip;]<\/p>\n","protected":false},"author":145518867,"featured_media":0,"parent":0,"menu_order":0,"comment_status":"closed","ping_status":"closed","template":"","meta":{"_crdt_document":"","advanced_seo_description":"","jetpack_seo_html_title":"","jetpack_seo_noindex":false,"footnotes":""},"class_list":["post-282","page","type-page","status-publish","hentry"],"jetpack_likes_enabled":true,"jetpack_sharing_enabled":true,"jetpack_shortlink":"https:\/\/wp.me\/PgJXiI-4y","jetpack-related-posts":[],"_links":{"self":[{"href":"https:\/\/114gravelrace.com\/pt\/wp-json\/wp\/v2\/pages\/282","targetHints":{"allow":["GET"]}}],"collection":[{"href":"https:\/\/114gravelrace.com\/pt\/wp-json\/wp\/v2\/pages"}],"about":[{"href":"https:\/\/114gravelrace.com\/pt\/wp-json\/wp\/v2\/types\/page"}],"author":[{"embeddable":true,"href":"https:\/\/114gravelrace.com\/pt\/wp-json\/wp\/v2\/users\/145518867"}],"replies":[{"embeddable":true,"href":"https:\/\/114gravelrace.com\/pt\/wp-json\/wp\/v2\/comments?post=282"}],"version-history":[{"count":11,"href":"https:\/\/114gravelrace.com\/pt\/wp-json\/wp\/v2\/pages\/282\/revisions"}],"predecessor-version":[{"id":495,"href":"https:\/\/114gravelrace.com\/pt\/wp-json\/wp\/v2\/pages\/282\/revisions\/495"}],"wp:attachment":[{"href":"https:\/\/114gravelrace.com\/pt\/wp-json\/wp\/v2\/media?parent=282"}],"curies":[{"name":"wp","href":"https:\/\/api.w.org\/{rel}","templated":true}]}}

<section style="max-width: 1100px;margin: 0 auto;padding: 4rem 1.5rem 5rem;font-family: 'Montserrat', system-ui, -apple-system, BlinkMacSystemFont, 'Segoe UI', sans-serif;color: #222"><!-- Título tienda --><p></p>
<header style="text-align: center;margin-bottom: 3rem">
<h1 style="font-size: 2rem;letter-spacing: 0.16em;text-transform: uppercase;margin: 0 0 0.75rem">Loja oficial</h1>
<p style="max-width: 560px;margin: 0 auto;font-size: 0.95rem;line-height: 1.7;color: #555">Mercadoria oficial da 114 Gravel Race - UCI Gravel World Series.<br>Escolha o seu produto e clique em <strong>“Adicionar ao carrinho”</strong><br>para aceder à sua plataforma de vendas.</p>
</header>
<p><!-- GRID DE PRODUCTOS --></p>
<div style="display: flex;flex-wrap: wrap;gap: 2.5rem;justify-content: center">
<p><!-- PRODUCTO 1 --></p>
<article style="flex: 1 1 260px;max-width: 320px;background: #ffffff;border-radius: 24px;padding: 1.75rem 1.75rem 1.9rem;box-shadow: 0 24px 60px rgba(0, 0, 0, 0.16);display: flex;flex-direction: column"><!-- Foto producto --><p></p>
<figure style="margin: 0 0 1.4rem"><!-- Sustituye URL_DE_LA_IMAGEN_1 por la URL real de la foto del producto --><br><img data-recalc-dims="1" decoding="async" style="display: block;width: 100%;border-radius: 18px;object-fit: cover" src="https://i0.wp.com/114gravelrace.com/wp-content/uploads/2025/12/equip.jpg?ssl=1" alt="Nome do produto 1"></figure>
<p><!-- Info producto --></p>
<div style="flex: 1 1 auto">
<h2 style="font-size: 1rem;text-transform: uppercase;letter-spacing: 0.14em;margin: 0 0 0.45rem">camisola Extremamente</h2>
<p style="font-size: 0.9rem;line-height: 1.7;color: #555;margin: 0 0 0.85rem">Camisola de ciclismo preta de corte justo e aspeto minimalista, com fecho de correr completo e design frontal de três barras verticais brancas e três riscas horizontais verdes no peito, criando uma estética moderna e muito racing.</p>
<p style="font-size: 0.95rem;font-weight: 600;margin: 0 0 1.4rem">40,00 €</p>
</div>
<p><!-- Botón carrito --><br><!-- Sustituye URL_CARRITO_1 por el enlace al producto / carrito --><br><a style="display: inline-flex;align-items: center;justify-content: center;padding: 0.95rem 1.9rem;border-radius: 999px;background: #000;color: #fff;text-decoration: none;text-transform: uppercase;letter-spacing: 0.16em;font-size: 0.72rem;font-weight: 600;box-shadow: 0 20px 45px rgba(0, 0, 0, 0.35)" href="https://extremenamente.com/producto/maillot-extremenamente/" target="_blank" rel="noopener"><br>Adicionar ao carrinho<br></a></p>
</article>
<p><!-- Camiseta 114 Gravel Race – Edición Especial 2025 (UCI Gravel World Series) --></p>
<article style="flex: 1 1 260px;max-width: 320px;background: #ffffff;border-radius: 24px;padding: 1.75rem 1.75rem 1.9rem;box-shadow: 0 24px 60px rgba(0, 0, 0, 0.16);display: flex;flex-direction: column">
<figure style="margin: 0 0 1.4rem"><img data-recalc-dims="1" decoding="async" style="display: block;width: 100%;border-radius: 18px;object-fit: cover" src="https://i0.wp.com/extremenamente.com/wp-content/uploads/2025/12/IMG-20250320-WA0100-e1765046545840.jpg?ssl=1" alt="T-shirt 114 Gravel Race - Edição Especial 2025 (UCI Gravel World Series)"></figure>
<div style="flex: 1 1 auto">
<h2 style="font-size: 1rem;text-transform: uppercase;letter-spacing: 0.14em;margin: 0 0 0.45rem">T-shirt 114 Gravel Race - Edição Especial 2025 (UCI Gravel World Series)</h2>
<p style="font-size: 0.9rem;line-height: 1.7;color: #555;margin: 0 0 0.85rem">T-shirt oficial 114 Gravel Race - Edição especial 2025. Design exclusivo em preto com o grafismo frontal “114 GRAVEL RACE” e pormenor nas costas com riscas coloridas inspiradas na UCI Gravel World Series. Perfeita para mostrar a tua paixão pela gravilha antes, durante e depois da corrida.</p>
<p style="font-size: 0.95rem;font-weight: 600;margin: 0 0 1.4rem">20,00 €</p>
</div>
<p><a style="display: inline-flex;align-items: center;justify-content: center;padding: 0.95rem 1.9rem;border-radius: 999px;background: #000;color: #fff;text-decoration: none;text-transform: uppercase;letter-spacing: 0.16em;font-size: 0.72rem;font-weight: 600;box-shadow: 0 20px 45px rgba(0, 0, 0, 0.35)" href="https://extremenamente.com/producto/camiseta-114-gravel-race-edicion-especial-2025-uci-gravel-world-series/" target="_blank" rel="noopener"><br>Adicionar ao carrinho<br></a></p>
</article>
<p><!-- sudadera ugws 2026 edición limitada (ejemplo extra, puedes duplicar/ borrar) --></p>
<article style="flex: 1 1 260px;max-width: 320px;background: #ffffff;border-radius: 24px;padding: 1.75rem 1.75rem 1.9rem;box-shadow: 0 24px 60px rgba(0, 0, 0, 0.16);display: flex;flex-direction: column">
<figure style="margin: 0 0 1.4rem"><img data-recalc-dims="1" decoding="async" style="display: block;width: 100%;border-radius: 18px;object-fit: cover" src="https://i0.wp.com/114gravelrace.com/wp-content/uploads/2025/12/compl.jpg?ssl=1" alt="Nome do produto 3"></figure>
<div style="flex: 1 1 auto">
<h2 style="font-size: 1rem;text-transform: uppercase;letter-spacing: 0.14em;margin: 0 0 0.45rem">camisola de edição limitada ugws 2026</h2>
<p style="font-size: 0.9rem;line-height: 1.7;color: #555;margin: 0 0 0.85rem">Breve descrição do produto 3. Ideal para recordar o evento...</p>
<p style="font-size: 0.95rem;font-weight: 600;margin: 0 0 1.4rem">30,00 €</p>
</div>
<p><a style="display: inline-flex;align-items: center;justify-content: center;padding: 0.95rem 1.9rem;border-radius: 999px;background: #000;color: #fff;text-decoration: none;text-transform: uppercase;letter-spacing: 0.16em;font-size: 0.72rem;font-weight: 600;box-shadow: 0 20px 45px rgba(0, 0, 0, 0.35)" href="/pt/URL_CARRITO_3/" target="_blank" rel="noopener"><br>Adicionar ao carrinho<br></a></p>
</article>
<p><!-- Camiseta 114 Gravel Race – Edición 2025 --></p>
<article style="flex: 1 1 260px;max-width: 320px;background: #ffffff;border-radius: 24px;padding: 1.75rem 1.75rem 1.9rem;box-shadow: 0 24px 60px rgba(0, 0, 0, 0.16);display: flex;flex-direction: column">
<figure style="margin: 0 0 1.4rem"><img data-recalc-dims="1" decoding="async" style="display: block;width: 100%;border-radius: 18px;object-fit: cover" src="https://i0.wp.com/114gravelrace.com/wp-content/uploads/2025/12/img-20250320-wa0046.jpg?ssl=1" alt="Nome do produto 3"></figure>
<div style="flex: 1 1 auto">
<h2 style="font-size: 1rem;text-transform: uppercase;letter-spacing: 0.14em;margin: 0 0 0.45rem">T-shirt 114 Gravel Race - Edição 2025</h2>
<p style="font-size: 0.9rem;line-height: 1.7;color: #555;margin: 0 0 0.85rem">T-shirt oficial 114 Gravel Race - Edição 2025, em cinzento, com o grafismo frontal “114 GRAVEL RACE EXTREMADURA” em efeito desgastado e uma grande peça vertical nas costas com a imagem de um ciclista em gravilha. Uma recordação exclusiva da edição 2025, concebida para mostrar a prova antes e depois da corrida.</p>
<p style="font-size: 0.95rem;font-weight: 600;margin: 0 0 1.4rem">15,00 €</p>
</div>
<p><a style="display: inline-flex;align-items: center;justify-content: center;padding: 0.95rem 1.9rem;border-radius: 999px;background: #000;color: #fff;text-decoration: none;text-transform: uppercase;letter-spacing: 0.16em;font-size: 0.72rem;font-weight: 600;box-shadow: 0 20px 45px rgba(0, 0, 0, 0.35)" href="https://extremenamente.com/producto/camiseta-114-gravel-race-edicion-2025/" target="_blank" rel="noopener"><br>Adicionar ao carrinho<br></a></p>
</article>
<p><!-- Gorra 114 Gravel Race – UCI Gravel World Series --></p>
<article style="flex: 1 1 260px;max-width: 320px;background: #ffffff;border-radius: 24px;padding: 1.75rem 1.75rem 1.9rem;box-shadow: 0 24px 60px rgba(0, 0, 0, 0.16);display: flex;flex-direction: column">
<figure style="margin: 0 0 1.4rem"><img data-recalc-dims="1" decoding="async" style="display: block;width: 100%;border-radius: 18px;object-fit: cover" src="https://i0.wp.com/114gravelrace.com/wp-content/uploads/2025/12/img-20250325-wa0113.jpg?ssl=1" alt="Nome do produto 3"></figure>
<div style="flex: 1 1 auto">
<h2 style="font-size: 1rem;text-transform: uppercase;letter-spacing: 0.14em;margin: 0 0 0.45rem">Corrida de Cascalho Cap 114 - UCI Gravel World Series</h2>
<p style="font-size: 0.9rem;line-height: 1.7;color: #555;margin: 0 0 0.85rem">Boné de camionista preto com pala curva e costas em rede, com emblema exclusivo 114 Gravel Race à frente sobre fundo cinzento, número grande “114” em tom escuro e faixa inferior com as cores da UCI Gravel World Series. Um acessório confortável e ventilado para mostrar a corrida no dia a dia e depois da corrida.</p>
<p style="font-size: 0.95rem;font-weight: 600;margin: 0 0 1.4rem">20,00 €</p>
</div>
<p><a style="display: inline-flex;align-items: center;justify-content: center;padding: 0.95rem 1.9rem;border-radius: 999px;background: #000;color: #fff;text-decoration: none;text-transform: uppercase;letter-spacing: 0.16em;font-size: 0.72rem;font-weight: 600;box-shadow: 0 20px 45px rgba(0, 0, 0, 0.35)" href="/pt/URL_CARRITO_3/" target="_blank" rel="noopener"><br>Adicionar ao carrinho<br></a></p>
</article>
</div>
</section>

<p>Tienda oficial Merchan oficial de la 114 Gravel Race – UCI Gravel World Series.Elige tu producto y haz clic en “Añadir al carrito”para ir a tu plataforma de venta. maillot Extremeñamente Maillot de ciclismo negro de corte ajustado y look minimalista, con cremallera completa y diseño frontal de tres barras blancas verticales y tres franjas [&hellip;]</p>
